240 and f.
15
Suppose 0 = 4*n - 86 - 54. What is the highest common divisor of n and 385?
35
Let r(w) = -5*w + 2*w**2 + 0*w + 4*w - 1. Let f be r(2). Suppose -3*g + 2*g + f*u + 19 = 0, -2*g + 22 = -2*u. Calculate the greatest common factor of g and 45.
9
Suppose -2*o = 5*v - 123, o - 2*v + 17 = 56. Calculate the highest common factor of o and 7.
7
Let j(b) = b**3 + 8*b**2 - b - 3. Let g be j(-5). Suppose 8*u - 25 = 3*u. Suppose -h + 3*q - 4*q = -9, -u*q = 10. What is the highest common factor of h and g?
11
Let j be (8/(-24))/(2/(-30)). What is the highest common divisor of 55 and j?
5
Suppose 5*p - 84 + 19 = 0. Suppose -4*f + 4 = a - 11, 3*a - 21 = -4*f. Suppose 2*h - 65 = -a*h. Calculate the greatest common divisor of h and p.
13
Suppose 5*v = -4*u + 53, -3*u - 5 = -v - u. Let r(h) = -h**3 + 10*h**2 - 7*h + 10. Let z be r(v). Calculate the highest common factor of 56 and z.
28
Suppose 0 = 5*o - 40 - 0. What is the highest common factor of o and 2?
2
Let o(v) = v + 80. Let m be o(0). What is the greatest common factor of m and 20?
20
Let r(s) be the second derivative of s**3/6 - 5*s**2 + 2*s. Let z be r(8). Let f = z + 5. What is the greatest common divisor of f and 6?
3
Let g = 40 - 12. Suppose h + 3*j = 1, -2*h - 3*j - j = -6. Calculate the highest common divisor of h and g.
7
Let s(y) = 4*y - y - 5 + 5*y + 4*y. Suppose -3*n - 6 = -2*d + 13, 13 = 2*d - n. Let p be s(d). Calculate the greatest common divisor of p and 5.
5
Suppose 2 = -3*y - 1. Let c = 37 - y. Let t = -2 + c. Calculate the greatest common factor of t and 12.
12
Let i = 119 - 116. Calculate the highest common divisor of 4 and i.
1
Let j = -4 + 0. Let v(x) = x**3 + 5*x**2 + 4*x + 1. Let m be v(j). What is the greatest common divisor of 2 and m?
1
Let r be (1 - 25)*(-1)/2. Let m = r - 9. What is the highest common factor of 27 and m?
3
Suppose -4*t + 1 = -3*t. Suppose 5*i - 9 = t. Suppose 0 = -i*w - 3*w + 15. Calculate the highest common factor of w and 24.
3
Let n be (-434)/(-8) - (-3)/(-12). Suppose 2*v + n = 5*v. Calculate the highest common factor of v and 18.
18
Suppose w - 2*t - t - 76 = 0, -w = -t - 72. Suppose 2*i + 0 - 6 = 0. Suppose v - 2*l - 16 = 0, -1 + 10 = -i*l. What is the highest common factor of v and w?
10
Suppose -2674 = -7*j - 826. What is the highest common factor of j and 33?
33
Let k be -1 - (1 - 3/1). Let f be (1 - 0) + 30 + k. Let t = -71 + 75. Calculate the greatest common factor of f and t.
4
Suppose 44 = 4*c - 4*j, 4*j = 3*c - c - 16. Let q(v) = -2 + 1 + 2 + c*v. Let r be q(1). What is the greatest common divisor of r and 15?
15
Let y be 45/(3*5/30). Calculate the highest common factor of y and 18.
18
Let d be 2/4*(21 + 11). Calculate the greatest common factor of d and 304.
16
Let f = 21 - 11. Let p = -974 - -1528. Suppose 0 = -5*y - 2*d + p, -3*y + 5*d = -150 - 170. Calculate the highest common divisor of y and f.
10
Let c be 1/(0 + (-1)/(-4)). Suppose -5*k = -4*l - 71, k + c*l = 2*k - 27. Calculate the greatest common divisor of 99 and k.
11
Let r = -15 - 5. Let k be (-32)/r*20/2. What is the highest common divisor of k and 4?
4
Let a = 54 + -21. Calculate the highest common divisor of 3 and a.
3
Let b = 61 + -55. What is the highest common divisor of b and 6?
6
Let d(o) = 94*o**2 + o. Let r be d(1). Calculate the greatest common divisor of r and 19.
19
Let f be ((-30)/18 + 1)/(1/(-15)). Let d = 7 + -2. Calculate the greatest common divisor of f and d.
5
Let t be (-13)/(-2) - (-5 + 11/2). Let f(l) = l**3 + 6*l**2 + 4*l - 3. Let o be f(-5). What is the greatest common divisor of o and t?
2
Let v be (-6)/((12/21)/(-2)). Suppose -5*j + q = -68, 0*q - 5*q = -j + 4. Let o = j - 7. Calculate the greatest common factor of v and o.
7
Let h(u) = 2*u**2 + 2*u + 3. Suppose 3*l + 24 = 4*s, 3*l + 5*s + 24 + 0 = 0. Let n = l - -5. Let v be h(n). What is the greatest common divisor of v and 6?
3
Let h(l) = -27*l - 18. Let y be h(-8). Calculate the greatest common divisor of 22 and y.
22
Let r = -10 + 25. Let y = -32 + 77. What is the greatest common factor of r and y?
15
Let a(o) = -7*o - 20. Let s be a(-8). Calculate the highest common factor of s and 12.
12
Suppose 0*c - 36 = 2*c. Let f be (-74)/(-9) + 4/c. Calculate the highest common factor of 16 and f.
8
Suppose -t - 2*v + 10 = 0, -5*t + v + 10 = -4*t. Let w = -4 + 6. Suppose w*y - 12 = -y. What is the greatest common divisor of y and t?
2
Let z = 65 + 48. Suppose 3*h - 17 = 4*s - z, -4*s = -2*h - 96. What is the highest common divisor of 8 and s?
8
Let p(b) = -b**3 + 10*b**2 + 2*b. Let h be p(10). Let g be h/(-2 + 0)*-2. What is the highest common divisor of 5 and g?
5
Let h(q) = q**2 + 8*q - 43. Let z be h(5). Suppose -5*o + 235 = -205. What is the highest common factor of o and z?
22
Let n(s) = 12*s + 2*s**2 - 5*s**2 - 5 + 4*s**2. Let f be n(-11). Let k be f/((-5)/((-5)/(-2))). What is the highest common divisor of k and 24?
8
Suppose 2*g + 4*v = -68, 31 = 4*g - 4*v + 119. Let p = 54 + g. Let y(n) = 4*n**2 + 2*n. Let x be y(3). What is the highest common factor of x and p?
14
Let v(k) = -5*k - 81. Let g be v(-18). Calculate the greatest common divisor of 12 and g.
3
Let u(r) = 3*r - 25*r**2 + 0*r + 23*r**2 - r**3. Let a be u(-4). What is the greatest common factor of 8 and a?
4
Let p be (1 - 1)/(-1 - -3). Let m be -3*(-3 - 0 - p). Let u(z) = z**3 - 9*z**2 + z + 3. Let g be u(m). Calculate the highest common factor of 12 and g.
12
Suppose 0 = 5*l + 3*a - 24, a + 3*a = -3*l + 21. Let w = l - -102. Let s = 9 - -12. What is the greatest common divisor of w and s?
21
Let x be (2 - 0)/(2/(-119)). Suppose 3*d + 3 = 0, 0 = -5*k + 3*k - 3*d + 343. Let s = x + k. Calculate the greatest common factor of 6 and s.
6
Suppose g - 12 = -5*o + 38, -5*o = -5*g - 80. What is the greatest common factor of o and 22?
11
Suppose -3*c + 0*c = -6. Let y(j) = -3*j + 3*j - 1 + 19*j**c - 2*j. Let g be y(-1). What is the highest common divisor of 50 and g?
10
Suppose -4*n = -419 - 445. Calculate the greatest common divisor of n and 27.
27
Let k = 81 - 70. What is the highest common factor of 44 and k?
11
Suppose -5*l = -2*o - 273, o + 4 + 50 = l. What is the highest common divisor of 11 and l?
11
Let w(d) = -d**3 + 10*d**2 + 12*d - 5. Suppose -t - 7 = 2. Let r(f) = -2*f - 7. Let i be r(t). Let v be w(i). What is the highest common factor of 9 and v?
3
Let h = 25 - -24. Let d = h + -19. Calculate the highest common factor of d and 6.
6
Let j be 0/(-2) - (-3 + 0). Suppose -2*p = j*p - 45. Let q(r) = r**2 + 2*r - 8. Let m be q(8). What is the greatest common divisor of m and p?
9
Suppose 0 = -3*h + h + 432. What is the highest common factor of 27 and h?
27
Let u be (-33)/(-12)*7*4. Suppose 2*f + u = 3*l + 3*f, 0 = -3*l - 4*f + 83. Calculate the highest common factor of l and 225.
25
Let l(r) = -2*r + 4. Let c be l(-2). Calculate the greatest common factor of c and 72.
8
Let a(l) = l + 7. Let u be a(-12). Let w be ((-2)/u)/(5/100). Let i(h) = h**2 + 7*h + 7. Let s be i(-6). Calculate the greatest common factor of s and w.
1
Let f = -38 - -54. Let m be 3 + 7 + 0 + 1. Suppose 2*c + 5 = -3*z, -2*c = -c - 3*z - m. What is the highest common divisor of c and f?
2
Suppose 0 = -j - 5*g + 26, -17 = 3*j - g - 3*g. Let n = 3 - j. Suppose -n*h = -86 - 54. What is the greatest common factor of h and 28?
14
Let j(i) = 4*i**2 - 4*i + 1. Let b be j(3). What is the greatest common divisor of 5 and b?
5
Let m(d) = 9*d - 77. Let g be m(9). Calculate the greatest common factor of g and 8.
4
Let c = 6 + -4. Let s(g) = 9*g - 4*g**3 + 3*g**3 + 2*g**3 - 2*g - 6*g**c. Let o be s(5). What is the greatest common divisor of 15 and o?
5
Suppose 0 = b - 159 - 248. What is the highest common divisor of 37 and b?
37
Let z be ((-8)/(-12) - -2)*33/2. What is the greatest common divisor of z and 308?
44
Suppose 2*y - 61 = 13. Suppose 2*n - 25 = 3*r, -r + y = 3*n + 2*n. Suppose 2*j - d = 28, -3*j + 27 = 2*d - n. What is the greatest common factor of 65 and j?
13
Suppose -3*o + 3*b + 1308 = o, -3*o + 998 = 2*b. Calculate the highest common factor of 30 and o.
30
Let p = -22 + 10. Let o = 18 + p. What is the greatest common divisor of o and 6?
6
Suppose 10*m - 5*m = 70. Calculate the highest common factor of 28 and m.
14
Let f be (26/3)/(4/12). What is the greatest com